 31*h**3 + 16 + 30*h**3 - 23*h**2. What are the prime factors of k(-20)?
2, 3
Let v = -66 + 93. Suppose 2*k = x + 3*k - 3, 5*x - v = -2*k. Suppose -2*g + x*g - 1160 = 0. List the prime factors of g.
2, 29
Suppose -59*y + 67*y - 32 = 0. Suppose 0 = -y*f + 27*f - 28773. What are the prime factors of f?
3, 139
Let j(u) = 251*u - 32. Let m be j(8). What are the prime factors of 0 - m/(-4 + 0)?
2, 13, 19
Suppose -3*w - 150006 = -3*a, -792*a + 789*a - 2*w = -150011. What are the prime factors of a?
31, 1613
Suppose b + 120 = 5*w, 2*w - 5*b = -20 + 91. Let x(q) = -6427*q - 6 + w*q**2 + 6427*q. List the prime factors of x(2).
2, 43
Suppose 3*u - 289467 = -64*d + 60*d, 3*u - 289461 = -2*d. List the prime factors of u.
5, 23, 839
Let t(h) = 5074*h - 1096. List the prime factors of t(11).
2, 109, 251
Suppose -50720 = -3*k - y, -37573 - 47000 = -5*k + 4*y. List the prime factors of k.
37, 457
Suppose 3*f = -2*v + 7*f - 10, 2*f - 15 = -v. Let i(w) = 10*w + 3. Let l be i(v). Let u = l - 9. List the prime factors of u.
2, 11
Let m(h) = h - 16. Let f be m(24). List the prime factors of 12/f*5360/30.
2, 67
Let z(h) = 5*h**2 - 20*h - 39. Let v be z(17). Suppose -4*m = -0*m + x + 851, v = -5*m + x. Let i = -88 - m. What are the prime factors of i?
5
Suppose 0 = -174*h + 204*h + 62130 - 1518270. What are the prime factors of h?
2, 7, 3467
Let t = 2163 - 1479. Let k = t + -479. List the prime factors of k.
5, 41
Let q(l) be the first derivative of -l**4/4 - 11*l**3/3 + 7*l**2/2 + 3*l + 12. Let s be q(-11). Let f = s - -143. List the prime factors of f.
3, 23
Let v(a) = 3*a**2 - a - 13. Suppose 10 - 1 = -3*c, -4*o - c = -21. Let m be v(o). Suppose -5*y - m + 424 = 0. List the prime factors of y.
67
Suppose g + 8*i + 39894 = 116993, 0 = g - 5*i - 77073. List the prime factors of g.
19, 4057
Let f be (-6 + 0 + 2)/((-2)/(-1)). Let b be (-1 - f)/(0 + 5/10). Suppose -b*k = -3*k + 132. What are the prime factors of k?
2, 3, 11
Suppose -b = 2*b + z - 34638, 5*z = -4*b + 46206. What are the prime factors of b?
2, 3, 13, 37
Suppose -70 = 3*c + 2*t, -4*c - 108 = -4*t + 3*t. Let l be (0 - -1)/((-2)/c). Suppose -o - l = -2*o - 2*d, -5*o + 29 = d. What are the prime factors of o?
5
Suppose 2*j + 78 = 4*k - 0*j, -5*k - 5*j = -90. Suppose -2*m = -119 + k. Suppose -t + 8 = -m. List the prime factors of t.
2, 29
Let u be 9*(123/9 - 2). Let k = u + -96. Suppose k = -8*j + 11*j. List the prime factors of j.
3
Let r(a) = -a**3 - 3*a**2 - 3*a - 2. Let h be r(-2). Let o(p) be the first derivative of p**4/4 + p**3/3 - p**2 + 11*p + 101. List the prime factors of o(h).
11
Suppose r + 2*k - 19 = 0, -4 - 76 = -4*r - 4*k. Suppose 24*a = r*a + 3438. List the prime factors of a.
2, 3, 191
Suppose -172*p - 125243 + 26694 = -1351569. List the prime factors of p.
5, 31, 47
Let f be 4/(12 - 8)*83/(-1). Let l = 124 + f. List the prime factors of l.
41
Let d = 0 - 20. Let i = -18 - d. Suppose -5*a - i*f + 518 = 0, 8*f - 3*f = 4*a - 421. What are the prime factors of a?
2, 13
Let h = 886 - 416. Suppose 0 = -21*k + 6413 - h. What are the prime factors of k?
283
Let c(l) = -l**2 + 31*l - 224. Let y be c(14). Suppose 4*b + 4 + 29 = a, 2*a - 2*b = 42. Suppose 0 = -a*t + y*t + 12. List the prime factors of t.
2
Suppose 0 = -5*j - 6*a + 8*a + 26354, -5*a = -3*j + 15839. What are the prime factors of j?
2, 3, 439
Suppose -46*n = 175053 - 3419912 + 319167. What are the prime factors of n?
2, 7, 11, 59
Let v(x) = 3837*x**2 + 7*x - 13. What are the prime factors of v(4)?
3, 6823
Let w(y) be the second derivative of 121*y**3/3 - 133*y**2/2 + 3*y - 2. List the prime factors of w(3).
593
What are the prime factors of ((-80)/3)/(((-261855)/(-20142) - 13)*-4)?
2, 5, 373
Suppose -840*h + 33384 = -827*h. List the prime factors of h.
2, 3, 107
Let p = 6708 + 39161. List the prime factors of p.
45869
Suppose 9*k = 3*k + 804. Let u = 16 + k. What are the prime factors of u?
2, 3, 5
Let r(d) = 25 + 18*d + 16*d**2 - d**3 - 3*d**2 - 30*d + 17. List the prime factors of r(8).
2, 7, 19
Suppose 49*l + 30*l - 466262 = 21*l. What are the prime factors of l?
8039
Let f(y) = 1 + 2 - 8 - 13 - 69*y. List the prime factors of f(-6).
2, 3, 11
Let f = -44 - -503. Let w = 747 - f. List the prime factors of w.
2, 3
Suppose 8*c = -32*c + 931760. List the prime factors of c.
2, 19, 613
Let c(r) = -1338*r + 141. What are the prime factors of c(-2)?
3, 313
Suppose -3*a + 7465 = -20744. What are the prime factors of a?
9403
Let u(m) = 44*m**2 - 1181*m - 9. List the prime factors of u(27).
2, 3, 5
Let w be (-12)/(-10)*((-231)/(-14) - -1). Suppose 2*d = 5*j - 2104, 4*d = -19*j + w*j - 832. What are the prime factors of j?
2, 211
Let k = -14 + 27. Suppose -5*s + 3*a + k + 22 = 0, 3*a = -5*s + 5. Suppose 0 = s*r - 5*r + 76. List the prime factors of r.
2, 19
Let v(z) = z**2 + 14*z - 6. Let u be v(-10). Let t = -43 - u. Suppose 5*q - 421 = -2*i, t*q = -i + 5*i + 263. What are the prime factors of q?
5, 17
Let y(w) = -345*w**3 + 38*w**2 + 95*w + 3. What are the prime factors of y(-3)?
3, 5
Suppose -4*f = -4*r + 4, 3*f + 5*r - 37 = -0*r. Suppose 3*h = 3*x + 1504 - 424, f*x + 4*h = -1408. List the prime factors of -3 + x/(-3) - (-2)/(-3).
5, 23
Let z be 4 + 4 + 276 + 1. Let q = 492 - z. List the prime factors of q.
3, 23
Let i be 4/3 + 4/(-12). What are the prime factors of ((5 - 9) + -112)/(i/(-2))?
2, 29
Let b be (-2064)/20*-10*(-4)/(-8). Suppose 4*s - b = -2*s. Suppose -248 = -2*v - s. List the prime factors of v.
3
Suppose 0 = -l + q - 1, 0 = 5*q - 2*q - 9. Suppose c - 45 = -b - 2*c, -l*b - 2*c = -98. Suppose -b = -5*w + 9. List the prime factors of w.
2, 3
Let w(j) = 236*j**2 - 3*j + 26. Let y be w(-6). What are the prime factors of 50/(-275) - y/(-22)?
2, 97
Let o(z) = z**2 + 104*z + 17778. What are the prime factors of o(0)?
2, 3, 2963
Suppose 30 = l - 6*l. Let u(d) = d**3 + d**2 - d + 8. Let f be u(l). List the prime factors of f*-2*5/20.
83
Let x(p) = -1026*p - 1747. List the prime factors of x(-19).
17747
Let w(o) = -3*o + 10. Let f be (16 + -19)*(-1 - 0). Let v be w(f). Let n(l) = 2*l. What are the prime factors of n(v)?
2
Let q(h) = -11*h - h**2 - 34*h**2 + 44*h**2 - 9. List the prime factors of q(9).
3, 23
Let u(f) = -8*f + 78. Let w be u(12). Let p(x) = x**2 + 13*x + 31. Let d be p(w). Let j = d + -36. List the prime factors of j.
5, 17
Let s(b) = -3*b**3 - 107*b**2 + 22*b - 80. List the prime factors of s(-38).
2, 3, 383
Let c(l) = l**3 + 5*l**2 - 26*l - 16. Let t be c(-8). Suppose t = 4*m + 12, 57 = -5*r - m + 1244. List the prime factors of r.
2, 7, 17
Let k = 269 + -263. Suppose 532 = k*g - 1250. What are the prime factors of g?
3, 11
Suppose -n + 24 = -5*l, 0 = n + 2*n - 2*l - 46. Let x = 131 - 91. Suppose x*t - 42*t = -n. List the prime factors of t.
7
Suppose 0 = -4*x + b - 85, 38 + 20 = -3*x - 5*b. Let m = -28 + x. Let k = 7 - m. What are the prime factors of k?
2, 7
Suppose 844*i - 839*i + 5*l - 262795 = 0, -i = -3*l - 52531. List the prime factors of i.
2, 6569
Let v be (18 + -1)/(8 + -7). Suppose 0 = -2*w - v + 31. Suppose -2*i - 122 = -2*z, 2*z - 5*i = -w + 129. List the prime factors of z.
61
Suppose 3 = -10*f + 33. Suppose 0 = -4*t + f*b + 574, -3*b - b = -t + 137. What are the prime factors of t?
5, 29
Let f = 95 - 138. Let w = -21 - f. What are the prime factors of -4*w/4*-1?
2, 11
Suppose 2*t - 3 = 9. Let r be (4/(-8))/((-1)/t). List the prime factors of (142/r)/(4/6).
71
Let k be ((-6)/9)/((-12)/(-99))*-2. Let u(r) = -k + 3 - 3 - 8*r + 4*r. What are the prime factors of u(-7)?
17
Suppose -72*a + 4273348 = -2268284. List the prime factors of a.
2, 41, 277
Suppose 385*c - 16103 = -6093. What are the prime factors of c?
2, 13
What are the prime factors of ((-56)/36)/7 + (-100)/36 - -8687?
2, 13, 167
Let t = -37 - -620. Suppose 4*o - t - 673 = 0. List the prime factors of o.
2, 157
Suppose -g + 67 + 30 = 0. Let m = g - 69. Let q = -8 + m. List the prime factors of q.
2, 5
List the prime factors of (7 - 18) + (-83080)/(-4).
20759
Suppose 6 = j + m, -3*m + 3 = -2*j - 0. Suppose 0 = j*y - v - 1585, -4*y - 5*v = -3*y - 507. What are the prime factors of y?
17, 31
Suppose -34 = -10*z + 6. List the prime factors of -5 - (-1 + (-421 - z)).
421
Let k = -28 + 48. Let l = k - -92. Let x = -30 + l. List the prime factors of x.
